
37
Calculate the remainder when 2178405 is divided by 38900.
5
Calculate the remainder when 1708542 is divided by 11544.
30
Calculate the remainder when 30625158 is divided by 38.
8
What is the remainder when 43653469 is divided by 153?
121
Calculate the remainder when 8442258 is divided by 527630.
178
What is the remainder when 6920140 is divided by 193?
125
Calculate the remainder when 302760838 is divided by 1128.
1126
What is the remainder when 98197 is divided by 98057?
140
Calculate the remainder when 95161 is divided by 184.
33
Calculate the remainder when 767223374 is divided by 375.
374
What is the remainder when 261146 is divided by 3917?
2624
What is the remainder when 7288563 is divided by 3365?
3338
Calculate the remainder when 2008462 is divided by 665.
162
Calculate the remainder when 9221646 is divided by 12.
6
Calculate the remainder when 2267432 is divided by 735.
692
What is the remainder when 143027 is divided by 71387?
253
What is the remainder when 905091 is divided by 1292?
691
What is the remainder when 744155 is divided by 1746?
359
Calculate the remainder when 853130 is divided by 1156.
2
What is the remainder when 871460 is divided by 249?
209
Calculate the remainder when 225855 is divided by 45146.
125
What is the remainder when 8498 is divided by 190?
138
What is the remainder when 250957 is divided by 362?
91
Calculate the remainder when 3397617 is divided by 2391.
6
Calculate the remainder when 6658603 is divided by 1909.
11
What is the remainder when 4330 is divided by 214?
50
What is the remainder when 1056825 is divided by 2339?
1936
What is the remainder when 12605800 is divided by 19?
3
What is the remainder when 3049108 is divided by 1016362?
22
What is the remainder when 3550070 is divided by 1183112?
734
Calculate the remainder when 452084 is divided by 56.
52
What is the remainder when 2600 is divided by 267?
197
What is the remainder when 47860398 is divided by 56?
54
What is the remainder when 14955361 is divided by 830853?
7
What is the remainder when 60618 is divided by 60565?
53
What is the remainder when 16558916 is divided by 358?
342
What is the remainder when 55721 is divided by 781?
270
Calculate the remainder when 13009591 is divided by 488.
487
Calculate the remainder when 13817183 is divided by 1.
0
Calculate the remainder when 32046 is divided by 801.
6
What is the remainder when 10758964 is divided by 176376?
28
Calculate the remainder when 8022913 is divided by 922.
591
Calculate the remainder when 74101363 is divided by 33.
28
What is the remainder when 7937672 is divided by 360803?
6
Calculate the remainder when 414109 is divided by 25879.
45
What is the remainder when 4403502 is divided by 1544?
14
What is the remainder when 41836 is divided by 3206?
158
What is the remainder when 8017808 is divided by 62639?
16
Calculate the remainder when 2274988 is divided by 38.
4
Calculate the remainder when 9388 is divided by 438.
190
Calculate the remainder when 147185042 is divided by 9832.
2
What is the remainder when 692382 is divided by 4245?
447
What is the remainder when 1068751 is divided by 97136?
255
Calculate the remainder when 123022574 is divided by 941.
939
What is the remainder when 4899410 is divided by 36?
26
Calculate the remainder when 137388 is divided by 1461.
54
What is the remainder when 154369155 is divided by 2380?
2355
Calculate the remainder when 2454919 is divided by 1906.
1897
Calculate the remainder when 2559827 is divided by 6228.
119
What is the remainder when 38369497 is divided by 752343?
4
What is the remainder when 2316988 is divided by 5987?
19
Calculate the remainder when 1370603 is divided by 195799.
10
What is the remainder when 1509163 is divided by 845?
838
Calculate the remainder when 26960 is divided by 26799.
161
Calculate the remainder when 1001890 is divided by 1704.
1642
Calculate the remainder when 147167 is divided by 94.
57
Calculate the remainder when 412388 is divided by 10677.
6662
What is the remainder when 396780 is divided by 395074?
1706
What is the remainder when 4139372 is divided by 1992?
1988
What is the remainder when 2123090 is divided by 127?
31
What is the remainder when 122613 is divided by 60831?
951
What is the remainder when 35493 is divided by 1964?
141
What is the remainder when 374958 is divided by 334?
210
Calculate the remainder when 121004 is divided by 403.
104
What is the remainder when 25134818 is divided by 1651?
1645
What is the remainder when 41394 is divided by 598?
132
What is the remainder when 646672 is divided by 118?
32
What is the remainder when 129426527 is divided by 14?
13
What is the remainder when 5381323 is divided by 538131?
13
What is the remainder when 446514 is divided by 6868?
94
What is the remainder when 24452094 is divided by 11196?
30
What is the remainder when 1659887 is divided by 553289?
20
What is the remainder when 787667 is divided by 787498?
169
Calculate the remainder when 15281324 is divided by 167.
156
Calculate the remainder when 456287 is divided by 5290.
1347
Calculate the remainder when 21894293 is divided by 7298093.
14
What is the remainder when 662007 is divided by 1942?
1727
Calculate the remainder when 5865273 is divided by 318.
81
What is the remainder when 2214201 is divided by 117?
93
What is the remainder when 365432 is divided by 119073?
8213
What is the remainder when 4170856 is divided by 1167?
1165
What is the remainder when 9965509 is divided by 334?
285
What is the remainder when 895559788 is divided by 83?
80
Calculate the remainder when 7725829 is divided by 1473.
1417
Calculate the remainder when 3421636 is divided by 198.
196
What is the remainder when 9331438 is divided by 454?
376
What is the remainder when 97974 is divided by 37?
35
Calculate the remainder when 8007467 is divided by 232.
219
Calculate the remainder when 14353585 is divided by 230.
205
Calculate the remainder when 1760026 is divided by 109.
3
What is the remainder when 68742826 is divided by 11457130?
46
Calculate the remainder when 387849 is divided by 63891.
4503
Calculate the remainder when 85489549 is divided by 1048.
1045
What is the remainder when 14955 is divided by 1898?
1669
What is the remainder when 66772088 is divided by 72?
8
What is the remainder when 4036146 is divided by 117?
114
What is the remainder when 8806324 is divided by 350?
324
Calculate the remainder when 31591 is divided by 3847.
815
What is the remainder when 8661287 is divided by 710?
707
Calculate the remainder when 3199891 is divided by 3199734.
157
Calculate the remainder when 67570322 is divided by 629.
626
What is the remainder when 6231583 is divided by 227?
206
Calculate the remainder when 42952868 is divided by 109.
1
Calculate the remainder when 3401253 is divided by 71.
69
Calculate the remainder when 25980 is divided by 3187.
484
What is the remainder when 19211079 is divided by 142?
41
Calculate the remainder when 2550122 is divided by 411.
278
Calculate the remainder when 26605 is divided by 459.
442
What is the remainder when 366582 is divided by 3108?
2946
Calculate the remainder when 28975832 is divided by 63.
53
What is the remainder when 64509013 is divided by 1768?
1765
What is the remainder when 84281 is divided by 6411?
938
Calculate the remainder when 65471017 is divided by 23.
22
What is the remainder when 83602 is divided by 9070?
1972
Calculate the remainder when 4593236 is divided by 96.
20
Calculate the remainder when 1059088 is divided by 3627.
4
What is the remainder when 108150 is divided by 54059?
32
Calculate the remainder when 17605877 is divided by 3197.
3195
What is the remainder when 200097 is divided by 28528?
401
What is the remainder when 7507393 is divided by 96?
1
Calculate the remainder when 27847733 is divided by 8.
5
What is the remainder when 89669336 is divided by 22?
20
What is the remainder when 278622 is divided by 163?
55
Calculate the remainder when 3379082 is divided by 448.
266
What is the remainder when 49256 is divided by 282?
188
Calculate the remainder when 69806 is divided by 34302.
1202
Calculate the remainder when 45473515 is divided by 148.
71
Calculate the remainder when 269495042 is divided by 89831675.
17
What is the remainder when 101145 is divi